{"id":2142,"date":"2021-04-23T09:38:35","date_gmt":"2021-04-23T09:38:35","guid":{"rendered":"https:\/\/www.tierravoz.com\/laextranaeleccion\/?page_id=2142"},"modified":"2021-05-28T17:46:06","modified_gmt":"2021-05-28T17:46:06","slug":"fran","status":"publish","type":"page","link":"https:\/\/www.tierravoz.com\/laextranaeleccion\/personajes\/fran\/","title":{"rendered":"Fran"},"content":{"rendered":"\t\t<div data-elementor-type=\"wp-page\" data-elementor-id=\"2142\" class=\"elementor elementor-2142\">\n\t\t\t\t\t\t<section class=\"elementor-section elementor-top-section elementor-element elementor-element-b91ee1c elementor-section-height-full elementor-section-boxed elementor-section-height-default elementor-section-items-middle\" data-id=\"b91ee1c\" data-element_type=\"section\" data-e-type=\"section\" data-settings=\"{&quot;background_background&quot;:&quot;classic&quot;}\">\n\t\t\t\t\t\t\t<div class=\"elementor-background-overlay\"><\/div>\n\t\t\t\t\t\t\t<div class=\"elementor-container elementor-column-gap-default\">\n\t\t\t\t\t<div class=\"elementor-column elementor-col-100 elementor-top-column elementor-element elementor-element-66ea039a\" data-id=\"66ea039a\" data-element_type=\"column\" data-e-type=\"column\">\n\t\t\t<div class=\"elementor-widget-wrap elementor-element-populated\">\n\t\t\t\t\t\t<section class=\"elementor-section elementor-inner-section elementor-element elementor-element-48345332 elementor-section-boxed elementor-section-height-default elementor-section-height-default\" data-id=\"48345332\" data-element_type=\"section\" data-e-type=\"section\">\n\t\t\t\t\t\t<div class=\"elementor-container elementor-column-gap-default\">\n\t\t\t\t\t<div class=\"elementor-column elementor-col-100 elementor-inner-column elementor-element elementor-element-1857596e\" data-id=\"1857596e\" data-element_type=\"column\" data-e-type=\"column\">\n\t\t\t<div class=\"elementor-widget-wrap elementor-element-populated\">\n\t\t\t\t\t\t<div class=\"elementor-element elementor-element-26438101 elementor-widget elementor-widget-heading\" data-id=\"26438101\" data-element_type=\"widget\" data-e-type=\"widget\" data-widget_type=\"heading.default\">\n\t\t\t\t<div class=\"elementor-widget-container\">\n\t\t\t\t\t<h1 class=\"elementor-heading-title elementor-size-default\">Fran<\/h1>\t\t\t\t<\/div>\n\t\t\t\t<\/div>\n\t\t\t\t\t<\/div>\n\t\t<\/div>\n\t\t\t\t\t<\/div>\n\t\t<\/section>\n\t\t\t\t<section class=\"elementor-section elementor-inner-section elementor-element elementor-element-bd8e102 elementor-section-boxed elementor-section-height-default elementor-section-height-default\" data-id=\"bd8e102\" data-element_type=\"section\" data-e-type=\"section\">\n\t\t\t\t\t\t<div class=\"elementor-container elementor-column-gap-default\">\n\t\t\t\t\t<div class=\"elementor-column elementor-col-100 elementor-inner-column elementor-element elementor-element-655090e5\" data-id=\"655090e5\" data-element_type=\"column\" data-e-type=\"column\">\n\t\t\t<div class=\"elementor-widget-wrap elementor-element-populated\">\n\t\t\t\t\t\t<div class=\"elementor-element elementor-element-18d57d59 elementor-align-center elementor-mobile-align-center elementor-widget elementor-widget-button\" data-id=\"18d57d59\" data-element_type=\"widget\" data-e-type=\"widget\" data-widget_type=\"button.default\">\n\t\t\t\t<div class=\"elementor-widget-container\">\n\t\t\t\t\t\t\t\t\t<div class=\"elementor-button-wrapper\">\n\t\t\t\t\t<a class=\"elementor-button elementor-button-link elementor-size-sm\" href=\"#fran\">\n\t\t\t\t\t\t<span class=\"elementor-button-content-wrapper\">\n\t\t\t\t\t\t\t\t\t<span class=\"elementor-button-text\">Continuar<\/span>\n\t\t\t\t\t<\/span>\n\t\t\t\t\t<\/a>\n\t\t\t\t<\/div>\n\t\t\t\t\t\t\t\t<\/div>\n\t\t\t\t<\/div>\n\t\t\t\t<div class=\"elementor-element elementor-element-5dd6aaec elementor-widget-divider--view-line_icon elementor-view-default elementor-widget-divider--element-align-center elementor-widget elementor-widget-divider\" data-id=\"5dd6aaec\" data-element_type=\"widget\" data-e-type=\"widget\" data-widget_type=\"divider.default\">\n\t\t\t\t<div class=\"elementor-widget-container\">\n\t\t\t\t\t\t\t<div class=\"elementor-divider\">\n\t\t\t<span class=\"elementor-divider-separator\">\n\t\t\t\t\t\t\t<div class=\"elementor-icon elementor-divider__element\">\n\t\t\t\t\t<i aria-hidden=\"true\" class=\"fas fa-angle-double-down\"><\/i><\/div>\n\t\t\t\t\t\t<\/span>\n\t\t<\/div>\n\t\t\t\t\t\t<\/div>\n\t\t\t\t<\/div>\n\t\t\t\t\t<\/div>\n\t\t<\/div>\n\t\t\t\t\t<\/div>\n\t\t<\/section>\n\t\t\t\t\t<\/div>\n\t\t<\/div>\n\t\t\t\t\t<\/div>\n\t\t<\/section>\n\t\t\t\t<section class=\"elementor-section elementor-top-section elementor-element elementor-element-37f1ffc6 elementor-section-boxed elementor-section-height-default elementor-section-height-default\" data-id=\"37f1ffc6\" data-element_type=\"section\" data-e-type=\"section\" id=\"fran\" data-settings=\"{&quot;background_background&quot;:&quot;classic&quot;}\">\n\t\t\t\t\t\t<div class=\"elementor-container elementor-column-gap-default\">\n\t\t\t\t\t<div class=\"elementor-column elementor-col-100 elementor-top-column elementor-element elementor-element-76bce558\" data-id=\"76bce558\" data-element_type=\"column\" data-e-type=\"column\">\n\t\t\t<div class=\"elementor-widget-wrap elementor-element-populated\">\n\t\t\t\t\t\t<section class=\"elementor-section elementor-inner-section elementor-element elementor-element-687b0480 elementor-section-boxed elementor-section-height-default elementor-section-height-default\" data-id=\"687b0480\" data-element_type=\"section\" data-e-type=\"section\">\n\t\t\t\t\t\t<div class=\"elementor-container elementor-column-gap-default\">\n\t\t\t\t\t<div class=\"elementor-column elementor-col-50 elementor-inner-column elementor-element elementor-element-58ae955c\" data-id=\"58ae955c\" data-element_type=\"column\" data-e-type=\"column\">\n\t\t\t<div class=\"elementor-widget-wrap elementor-element-populated\">\n\t\t\t\t\t\t<div class=\"elementor-element elementor-element-2d48ff4b elementor-widget elementor-widget-image\" data-id=\"2d48ff4b\" data-element_type=\"widget\" data-e-type=\"widget\" data-widget_type=\"image.default\">\n\t\t\t\t<div class=\"elementor-widget-container\">\n\t\t\t\t\t\t\t\t\t\t\t\t\t\t\t<img fetchpriority=\"high\" decoding=\"async\" width=\"1024\" height=\"576\" src=\"https:\/\/www.tierravoz.com\/laextranaeleccion\/wp-content\/uploads\/2021\/04\/HOME-LEE-1024x576.gif\" class=\"attachment-large size-large wp-image-1730\" alt=\"Frames documental La Extra\u00f1a Elecci\u00f3n\" srcset=\"https:\/\/www.tierravoz.com\/laextranaeleccion\/wp-content\/uploads\/2021\/04\/HOME-LEE-1024x576.gif 1024w, https:\/\/www.tierravoz.com\/laextranaeleccion\/wp-content\/uploads\/2021\/04\/HOME-LEE-300x169.gif 300w, https:\/\/www.tierravoz.com\/laextranaeleccion\/wp-content\/uploads\/2021\/04\/HOME-LEE-768x432.gif 768w, https:\/\/www.tierravoz.com\/laextranaeleccion\/wp-content\/uploads\/2021\/04\/HOME-LEE-1536x864.gif 1536w\" sizes=\"(max-width: 1024px) 100vw, 1024px\" \/>\t\t\t\t\t\t\t\t\t\t\t\t\t\t\t<\/div>\n\t\t\t\t<\/div>\n\t\t\t\t\t<\/div>\n\t\t<\/div>\n\t\t\t\t<div class=\"elementor-column elementor-col-50 elementor-inner-column elementor-element elementor-element-7665372a\" data-id=\"7665372a\" data-element_type=\"column\" data-e-type=\"column\">\n\t\t\t<div class=\"elementor-widget-wrap elementor-element-populated\">\n\t\t\t\t\t\t<div class=\"elementor-element elementor-element-342ee260 elementor-widget elementor-widget-heading\" data-id=\"342ee260\" data-element_type=\"widget\" data-e-type=\"widget\" data-widget_type=\"heading.default\">\n\t\t\t\t<div class=\"elementor-widget-container\">\n\t\t\t\t\t<h2 class=\"elementor-heading-title elementor-size-default\">\u00abLo que m\u00e1s nos interesa recuperar de las tradiciones es esa felicidad que se lograba a trav\u00e9s de la sencillez y de la participaci\u00f3n de todos\u00bb.<\/h2>\t\t\t\t<\/div>\n\t\t\t\t<\/div>\n\t\t\t\t\t<\/div>\n\t\t<\/div>\n\t\t\t\t\t<\/div>\n\t\t<\/section>\n\t\t\t\t<section class=\"elementor-section elementor-inner-section elementor-element elementor-element-6bc2c889 elementor-section-boxed elementor-section-height-default elementor-section-height-default\" data-id=\"6bc2c889\" data-element_type=\"section\" data-e-type=\"section\">\n\t\t\t\t\t\t<div class=\"elementor-container elementor-column-gap-default\">\n\t\t\t\t\t<div class=\"elementor-column elementor-col-50 elementor-inner-column elementor-element elementor-element-6ce9900d\" data-id=\"6ce9900d\" data-element_type=\"column\" data-e-type=\"column\">\n\t\t\t<div class=\"elementor-widget-wrap elementor-element-populated\">\n\t\t\t\t\t\t<div class=\"elementor-element elementor-element-223501c3 elementor-widget elementor-widget-text-editor\" data-id=\"223501c3\" data-element_type=\"widget\" data-e-type=\"widget\" data-widget_type=\"text-editor.default\">\n\t\t\t\t<div class=\"elementor-widget-container\">\n\t\t\t\t\t\t\t\t\t<p>Fran\u00a0es el subdirector del peri\u00f3dico comarcal,\u00a0<a href=\"http:\/\/www.sendanorte.es\/\" target=\"_blank\" rel=\"noopener\">Senda Norte\u00a0<\/a>de Madrid, medio que responde a su necesidad vital de comunicar a las personas que viven en los pueblos de la sierra y de contar lo que no reflejan los medios generalistas sobre la zona.<\/p><p>Tambi\u00e9n es uno de los coordinadores de la escuela de m\u00fasica tradicional\u00a0<a href=\"https:\/\/www.facebook.com\/pages\/Entresierras\/478092688890914?ref=ts&amp;fref=ts\" target=\"_blank\" rel=\"noopener\">Entresierras<\/a>. Una iniciativa nacida de proyectos comunitarios previos, que se va consolidando como una apuesta de todos los profesionales que se han involucrado en su creaci\u00f3n.<\/p><p>Fran considera que la vida en los pueblos transmite conocimientos fundamentales para la sociedad, como la forma de gesti\u00f3n de los bienes comunales.<\/p><p>De los tres protagonistas, es el que lleva m\u00e1s tiempo en el pueblo. Vive con su compa\u00f1era Concha y recientemente ha creado una familia.<\/p>\t\t\t\t\t\t\t\t<\/div>\n\t\t\t\t<\/div>\n\t\t\t\t\t<\/div>\n\t\t<\/div>\n\t\t\t\t<div class=\"elementor-column elementor-col-25 elementor-inner-column elementor-element elementor-element-320c41f5\" data-id=\"320c41f5\" data-element_type=\"column\" data-e-type=\"column\">\n\t\t\t<div class=\"elementor-widget-wrap elementor-element-populated\">\n\t\t\t\t\t\t<div class=\"elementor-element elementor-element-31012437 elementor-widget elementor-widget-image\" data-id=\"31012437\" data-element_type=\"widget\" data-e-type=\"widget\" data-widget_type=\"image.default\">\n\t\t\t\t<div class=\"elementor-widget-container\">\n\t\t\t\t\t\t\t\t\t\t\t\t\t\t\t<img decoding=\"async\" width=\"600\" height=\"321\" data-src=\"https:\/\/www.tierravoz.com\/laextranaeleccion\/wp-content\/uploads\/2014\/02\/Fran2.jpg\" class=\"attachment-large size-large wp-image-787 lazyload\" alt=\"Fran en la fiesta\" data-srcset=\"https:\/\/www.tierravoz.com\/laextranaeleccion\/wp-content\/uploads\/2014\/02\/Fran2.jpg 600w, https:\/\/www.tierravoz.com\/laextranaeleccion\/wp-content\/uploads\/2014\/02\/Fran2-300x160.jpg 300w, https:\/\/www.tierravoz.com\/laextranaeleccion\/wp-content\/uploads\/2014\/02\/Fran2-500x267.jpg 500w\" data-sizes=\"(max-width: 600px) 100vw, 600px\" src=\"data:image\/svg+xml;base64,PHN2ZyB3aWR0aD0iMSIgaGVpZ2h0PSIxIiB4bWxucz0iaHR0cDovL3d3dy53My5vcmcvMjAwMC9zdmciPjwvc3ZnPg==\" style=\"--smush-placeholder-width: 600px; --smush-placeholder-aspect-ratio: 600\/321;\" \/>\t\t\t\t\t\t\t\t\t\t\t\t\t\t\t<\/div>\n\t\t\t\t<\/div>\n\t\t\t\t\t<\/div>\n\t\t<\/div>\n\t\t\t\t<div class=\"elementor-column elementor-col-25 elementor-inner-column elementor-element elementor-element-4db9faff\" data-id=\"4db9faff\" data-element_type=\"column\" data-e-type=\"column\">\n\t\t\t<div class=\"elementor-widget-wrap elementor-element-populated\">\n\t\t\t\t\t\t<div class=\"elementor-element elementor-element-2cfcb8a3 elementor-widget elementor-widget-image\" data-id=\"2cfcb8a3\" data-element_type=\"widget\" data-e-type=\"widget\" data-widget_type=\"image.default\">\n\t\t\t\t<div class=\"elementor-widget-container\">\n\t\t\t\t\t\t\t\t\t\t\t\t\t\t\t<img decoding=\"async\" width=\"600\" height=\"316\" data-src=\"https:\/\/www.tierravoz.com\/laextranaeleccion\/wp-content\/uploads\/2014\/02\/Fran3.jpg\" class=\"attachment-large size-large wp-image-788 lazyload\" alt=\"Fran y su familia\" data-srcset=\"https:\/\/www.tierravoz.com\/laextranaeleccion\/wp-content\/uploads\/2014\/02\/Fran3.jpg 600w, https:\/\/www.tierravoz.com\/laextranaeleccion\/wp-content\/uploads\/2014\/02\/Fran3-300x158.jpg 300w, https:\/\/www.tierravoz.com\/laextranaeleccion\/wp-content\/uploads\/2014\/02\/Fran3-500x263.jpg 500w\" data-sizes=\"(max-width: 600px) 100vw, 600px\" src=\"data:image\/svg+xml;base64,PHN2ZyB3aWR0aD0iMSIgaGVpZ2h0PSIxIiB4bWxucz0iaHR0cDovL3d3dy53My5vcmcvMjAwMC9zdmciPjwvc3ZnPg==\" style=\"--smush-placeholder-width: 600px; --smush-placeholder-aspect-ratio: 600\/316;\" \/>\t\t\t\t\t\t\t\t\t\t\t\t\t\t\t<\/div>\n\t\t\t\t<\/div>\n\t\t\t\t\t<\/div>\n\t\t<\/div>\n\t\t\t\t\t<\/div>\n\t\t<\/section>\n\t\t\t\t\t<\/div>\n\t\t<\/div>\n\t\t\t\t\t<\/div>\n\t\t<\/section>\n\t\t\t\t<\/div>\n\t\t","protected":false},"excerpt":{"rendered":"<p>Fran Continuar \u00abLo que m\u00e1s nos interesa recuperar de las tradiciones es esa felicidad que se lograba a trav\u00e9s de la sencillez y de la participaci\u00f3n de todos\u00bb. Fran\u00a0es el subdirector del peri\u00f3dico comarcal,\u00a0Senda Norte\u00a0de Madrid, medio que responde a su necesidad vital de comunicar a las personas que viven en los pueblos de la &#8230; <a title=\"Fran\" class=\"read-more\" href=\"https:\/\/www.tierravoz.com\/laextranaeleccion\/personajes\/fran\/\" aria-label=\"Leer m\u00e1s sobre Fran\">Leer m\u00e1s<\/a><\/p>\n","protected":false},"author":1,"featured_media":0,"parent":31,"menu_order":0,"comment_status":"closed","ping_status":"closed","template":"","meta":{"footnotes":""},"class_list":["post-2142","page","type-page","status-publish"],"yoast_head":"<!-- This site is optimized with the Yoast SEO plugin v27.4 - https:\/\/yoast.com\/product\/yoast-seo-wordpress\/ -->\n<title>Fran - La Extra&ntilde;a Elecci&oacute;n<\/title>\n<meta name=\"description\" content=\"Fran protagonista: Lo que m\u00e1s nos interesa recuperar de las tradiciones es esa felicidad que se lograba a trav\u00e9s de la sencillez y de la participaci\u00f3n de todos.\" \/>\n<meta name=\"robots\" content=\"index, follow, max-snippet:-1, max-image-preview:large, max-video-preview:-1\" \/>\n<link rel=\"canonical\" href=\"https:\/\/www.tierravoz.com\/laextranaeleccion\/personajes\/fran\/\" \/>\n<meta property=\"og:locale\" content=\"es_ES\" \/>\n<meta property=\"og:type\" content=\"article\" \/>\n<meta property=\"og:title\" content=\"Fran - La Extra&ntilde;a Elecci&oacute;n\" \/>\n<meta property=\"og:description\" content=\"Fran protagonista: Lo que m\u00e1s nos interesa recuperar de las tradiciones es esa felicidad que se lograba a trav\u00e9s de la sencillez y de la participaci\u00f3n de todos.\" \/>\n<meta property=\"og:url\" content=\"https:\/\/www.tierravoz.com\/laextranaeleccion\/personajes\/fran\/\" \/>\n<meta property=\"og:site_name\" content=\"La Extra&ntilde;a Elecci&oacute;n\" \/>\n<meta property=\"article:modified_time\" content=\"2021-05-28T17:46:06+00:00\" \/>\n<meta property=\"og:image\" content=\"https:\/\/www.tierravoz.com\/laextranaeleccion\/wp-content\/uploads\/2021\/04\/HOME-LEE-1024x576.gif\" \/>\n<meta name=\"twitter:label1\" content=\"Tiempo de lectura\" \/>\n\t<meta name=\"twitter:data1\" content=\"2 minutos\" \/>\n<script type=\"application\/ld+json\" class=\"yoast-schema-graph\">{\"@context\":\"https:\\\/\\\/schema.org\",\"@graph\":[{\"@type\":\"WebPage\",\"@id\":\"https:\\\/\\\/www.tierravoz.com\\\/laextranaeleccion\\\/personajes\\\/fran\\\/\",\"url\":\"https:\\\/\\\/www.tierravoz.com\\\/laextranaeleccion\\\/personajes\\\/fran\\\/\",\"name\":\"Fran - La Extra&ntilde;a Elecci&oacute;n\",\"isPartOf\":{\"@id\":\"https:\\\/\\\/www.tierravoz.com\\\/laextranaeleccion\\\/#website\"},\"primaryImageOfPage\":{\"@id\":\"https:\\\/\\\/www.tierravoz.com\\\/laextranaeleccion\\\/personajes\\\/fran\\\/#primaryimage\"},\"image\":{\"@id\":\"https:\\\/\\\/www.tierravoz.com\\\/laextranaeleccion\\\/personajes\\\/fran\\\/#primaryimage\"},\"thumbnailUrl\":\"https:\\\/\\\/www.tierravoz.com\\\/laextranaeleccion\\\/wp-content\\\/uploads\\\/2021\\\/04\\\/HOME-LEE-1024x576.gif\",\"datePublished\":\"2021-04-23T09:38:35+00:00\",\"dateModified\":\"2021-05-28T17:46:06+00:00\",\"description\":\"Fran protagonista: Lo que m\u00e1s nos interesa recuperar de las tradiciones es esa felicidad que se lograba a trav\u00e9s de la sencillez y de la participaci\u00f3n de todos.\",\"breadcrumb\":{\"@id\":\"https:\\\/\\\/www.tierravoz.com\\\/laextranaeleccion\\\/personajes\\\/fran\\\/#breadcrumb\"},\"inLanguage\":\"es\",\"potentialAction\":[{\"@type\":\"ReadAction\",\"target\":[\"https:\\\/\\\/www.tierravoz.com\\\/laextranaeleccion\\\/personajes\\\/fran\\\/\"]}]},{\"@type\":\"ImageObject\",\"inLanguage\":\"es\",\"@id\":\"https:\\\/\\\/www.tierravoz.com\\\/laextranaeleccion\\\/personajes\\\/fran\\\/#primaryimage\",\"url\":\"https:\\\/\\\/www.tierravoz.com\\\/laextranaeleccion\\\/wp-content\\\/uploads\\\/2021\\\/04\\\/HOME-LEE.gif\",\"contentUrl\":\"https:\\\/\\\/www.tierravoz.com\\\/laextranaeleccion\\\/wp-content\\\/uploads\\\/2021\\\/04\\\/HOME-LEE.gif\",\"width\":1900,\"height\":1069,\"caption\":\"Frames documental La Extra\u00f1a Elecci\u00f3n\"},{\"@type\":\"BreadcrumbList\",\"@id\":\"https:\\\/\\\/www.tierravoz.com\\\/laextranaeleccion\\\/personajes\\\/fran\\\/#breadcrumb\",\"itemListElement\":[{\"@type\":\"ListItem\",\"position\":1,\"name\":\"Portada\",\"item\":\"https:\\\/\\\/www.tierravoz.com\\\/laextranaeleccion\\\/\"},{\"@type\":\"ListItem\",\"position\":2,\"name\":\"Protagonistas\",\"item\":\"https:\\\/\\\/www.tierravoz.com\\\/laextranaeleccion\\\/personajes\\\/\"},{\"@type\":\"ListItem\",\"position\":3,\"name\":\"Fran\"}]},{\"@type\":\"WebSite\",\"@id\":\"https:\\\/\\\/www.tierravoz.com\\\/laextranaeleccion\\\/#website\",\"url\":\"https:\\\/\\\/www.tierravoz.com\\\/laextranaeleccion\\\/\",\"name\":\"La Extra&ntilde;a Elecci&oacute;n\",\"description\":\"Colocamos el pueblo en el centro de todo y analizamos el mundo\",\"publisher\":{\"@id\":\"https:\\\/\\\/www.tierravoz.com\\\/laextranaeleccion\\\/#organization\"},\"potentialAction\":[{\"@type\":\"SearchAction\",\"target\":{\"@type\":\"EntryPoint\",\"urlTemplate\":\"https:\\\/\\\/www.tierravoz.com\\\/laextranaeleccion\\\/?s={search_term_string}\"},\"query-input\":{\"@type\":\"PropertyValueSpecification\",\"valueRequired\":true,\"valueName\":\"search_term_string\"}}],\"inLanguage\":\"es\"},{\"@type\":\"Organization\",\"@id\":\"https:\\\/\\\/www.tierravoz.com\\\/laextranaeleccion\\\/#organization\",\"name\":\"La Extra&ntilde;a Elecci&oacute;n\",\"url\":\"https:\\\/\\\/www.tierravoz.com\\\/laextranaeleccion\\\/\",\"logo\":{\"@type\":\"ImageObject\",\"inLanguage\":\"es\",\"@id\":\"https:\\\/\\\/www.tierravoz.com\\\/laextranaeleccion\\\/#\\\/schema\\\/logo\\\/image\\\/\",\"url\":\"https:\\\/\\\/www.tierravoz.com\\\/laextranaeleccion\\\/wp-content\\\/uploads\\\/2018\\\/02\\\/logoextrana.png\",\"contentUrl\":\"https:\\\/\\\/www.tierravoz.com\\\/laextranaeleccion\\\/wp-content\\\/uploads\\\/2018\\\/02\\\/logoextrana.png\",\"width\":192,\"height\":30,\"caption\":\"La Extra&ntilde;a Elecci&oacute;n\"},\"image\":{\"@id\":\"https:\\\/\\\/www.tierravoz.com\\\/laextranaeleccion\\\/#\\\/schema\\\/logo\\\/image\\\/\"}}]}<\/script>\n<!-- \/ Yoast SEO plugin. -->","yoast_head_json":{"title":"Fran - La Extra&ntilde;a Elecci&oacute;n","description":"Fran protagonista: Lo que m\u00e1s nos interesa recuperar de las tradiciones es esa felicidad que se lograba a trav\u00e9s de la sencillez y de la participaci\u00f3n de todos.","robots":{"index":"index","follow":"follow","max-snippet":"max-snippet:-1","max-image-preview":"max-image-preview:large","max-video-preview":"max-video-preview:-1"},"canonical":"https:\/\/www.tierravoz.com\/laextranaeleccion\/personajes\/fran\/","og_locale":"es_ES","og_type":"article","og_title":"Fran - La Extra&ntilde;a Elecci&oacute;n","og_description":"Fran protagonista: Lo que m\u00e1s nos interesa recuperar de las tradiciones es esa felicidad que se lograba a trav\u00e9s de la sencillez y de la participaci\u00f3n de todos.","og_url":"https:\/\/www.tierravoz.com\/laextranaeleccion\/personajes\/fran\/","og_site_name":"La Extra&ntilde;a Elecci&oacute;n","article_modified_time":"2021-05-28T17:46:06+00:00","og_image":[{"url":"https:\/\/www.tierravoz.com\/laextranaeleccion\/wp-content\/uploads\/2021\/04\/HOME-LEE-1024x576.gif","type":"","width":"","height":""}],"twitter_misc":{"Tiempo de lectura":"2 minutos"},"schema":{"@context":"https:\/\/schema.org","@graph":[{"@type":"WebPage","@id":"https:\/\/www.tierravoz.com\/laextranaeleccion\/personajes\/fran\/","url":"https:\/\/www.tierravoz.com\/laextranaeleccion\/personajes\/fran\/","name":"Fran - La Extra&ntilde;a Elecci&oacute;n","isPartOf":{"@id":"https:\/\/www.tierravoz.com\/laextranaeleccion\/#website"},"primaryImageOfPage":{"@id":"https:\/\/www.tierravoz.com\/laextranaeleccion\/personajes\/fran\/#primaryimage"},"image":{"@id":"https:\/\/www.tierravoz.com\/laextranaeleccion\/personajes\/fran\/#primaryimage"},"thumbnailUrl":"https:\/\/www.tierravoz.com\/laextranaeleccion\/wp-content\/uploads\/2021\/04\/HOME-LEE-1024x576.gif","datePublished":"2021-04-23T09:38:35+00:00","dateModified":"2021-05-28T17:46:06+00:00","description":"Fran protagonista: Lo que m\u00e1s nos interesa recuperar de las tradiciones es esa felicidad que se lograba a trav\u00e9s de la sencillez y de la participaci\u00f3n de todos.","breadcrumb":{"@id":"https:\/\/www.tierravoz.com\/laextranaeleccion\/personajes\/fran\/#breadcrumb"},"inLanguage":"es","potentialAction":[{"@type":"ReadAction","target":["https:\/\/www.tierravoz.com\/laextranaeleccion\/personajes\/fran\/"]}]},{"@type":"ImageObject","inLanguage":"es","@id":"https:\/\/www.tierravoz.com\/laextranaeleccion\/personajes\/fran\/#primaryimage","url":"https:\/\/www.tierravoz.com\/laextranaeleccion\/wp-content\/uploads\/2021\/04\/HOME-LEE.gif","contentUrl":"https:\/\/www.tierravoz.com\/laextranaeleccion\/wp-content\/uploads\/2021\/04\/HOME-LEE.gif","width":1900,"height":1069,"caption":"Frames documental La Extra\u00f1a Elecci\u00f3n"},{"@type":"BreadcrumbList","@id":"https:\/\/www.tierravoz.com\/laextranaeleccion\/personajes\/fran\/#breadcrumb","itemListElement":[{"@type":"ListItem","position":1,"name":"Portada","item":"https:\/\/www.tierravoz.com\/laextranaeleccion\/"},{"@type":"ListItem","position":2,"name":"Protagonistas","item":"https:\/\/www.tierravoz.com\/laextranaeleccion\/personajes\/"},{"@type":"ListItem","position":3,"name":"Fran"}]},{"@type":"WebSite","@id":"https:\/\/www.tierravoz.com\/laextranaeleccion\/#website","url":"https:\/\/www.tierravoz.com\/laextranaeleccion\/","name":"La Extra&ntilde;a Elecci&oacute;n","description":"Colocamos el pueblo en el centro de todo y analizamos el mundo","publisher":{"@id":"https:\/\/www.tierravoz.com\/laextranaeleccion\/#organization"},"potentialAction":[{"@type":"SearchAction","target":{"@type":"EntryPoint","urlTemplate":"https:\/\/www.tierravoz.com\/laextranaeleccion\/?s={search_term_string}"},"query-input":{"@type":"PropertyValueSpecification","valueRequired":true,"valueName":"search_term_string"}}],"inLanguage":"es"},{"@type":"Organization","@id":"https:\/\/www.tierravoz.com\/laextranaeleccion\/#organization","name":"La Extra&ntilde;a Elecci&oacute;n","url":"https:\/\/www.tierravoz.com\/laextranaeleccion\/","logo":{"@type":"ImageObject","inLanguage":"es","@id":"https:\/\/www.tierravoz.com\/laextranaeleccion\/#\/schema\/logo\/image\/","url":"https:\/\/www.tierravoz.com\/laextranaeleccion\/wp-content\/uploads\/2018\/02\/logoextrana.png","contentUrl":"https:\/\/www.tierravoz.com\/laextranaeleccion\/wp-content\/uploads\/2018\/02\/logoextrana.png","width":192,"height":30,"caption":"La Extra&ntilde;a Elecci&oacute;n"},"image":{"@id":"https:\/\/www.tierravoz.com\/laextranaeleccion\/#\/schema\/logo\/image\/"}}]}},"_links":{"self":[{"href":"https:\/\/www.tierravoz.com\/laextranaeleccion\/wp-json\/wp\/v2\/pages\/2142","targetHints":{"allow":["GET"]}}],"collection":[{"href":"https:\/\/www.tierravoz.com\/laextranaeleccion\/wp-json\/wp\/v2\/pages"}],"about":[{"href":"https:\/\/www.tierravoz.com\/laextranaeleccion\/wp-json\/wp\/v2\/types\/page"}],"author":[{"embeddable":true,"href":"https:\/\/www.tierravoz.com\/laextranaeleccion\/wp-json\/wp\/v2\/users\/1"}],"replies":[{"embeddable":true,"href":"https:\/\/www.tierravoz.com\/laextranaeleccion\/wp-json\/wp\/v2\/comments?post=2142"}],"version-history":[{"count":10,"href":"https:\/\/www.tierravoz.com\/laextranaeleccion\/wp-json\/wp\/v2\/pages\/2142\/revisions"}],"predecessor-version":[{"id":2232,"href":"https:\/\/www.tierravoz.com\/laextranaeleccion\/wp-json\/wp\/v2\/pages\/2142\/revisions\/2232"}],"up":[{"embeddable":true,"href":"https:\/\/www.tierravoz.com\/laextranaeleccion\/wp-json\/wp\/v2\/pages\/31"}],"wp:attachment":[{"href":"https:\/\/www.tierravoz.com\/laextranaeleccion\/wp-json\/wp\/v2\/media?parent=2142"}],"curies":[{"name":"wp","href":"https:\/\/api.w.org\/{rel}","templated":true}]}}