{"id":31,"date":"2014-02-08T18:46:50","date_gmt":"2014-02-08T18:46:50","guid":{"rendered":"http:\/\/www.krismencia.com\/test\/?page_id=31"},"modified":"2025-10-21T09:12:51","modified_gmt":"2025-10-21T09:12:51","slug":"personajes","status":"publish","type":"page","link":"https:\/\/www.tierravoz.com\/laextranaeleccion\/personajes\/","title":{"rendered":"Protagonistas"},"content":{"rendered":"\t\t<div data-elementor-type=\"wp-page\" data-elementor-id=\"31\" class=\"elementor elementor-31\">\n\t\t\t\t\t\t<section class=\"elementor-section elementor-top-section elementor-element elementor-element-25c1988f elementor-section-height-full elementor-section-boxed elementor-section-height-default elementor-section-items-middle\" data-id=\"25c1988f\" data-element_type=\"section\" data-e-type=\"section\" data-settings=\"{&quot;background_background&quot;:&quot;classic&quot;}\">\n\t\t\t\t\t\t\t<div class=\"elementor-background-overlay\"><\/div>\n\t\t\t\t\t\t\t<div class=\"elementor-container elementor-column-gap-default\">\n\t\t\t\t\t<div class=\"elementor-column elementor-col-100 elementor-top-column elementor-element elementor-element-5d58ddeb\" data-id=\"5d58ddeb\" data-element_type=\"column\" data-e-type=\"column\">\n\t\t\t<div class=\"elementor-widget-wrap elementor-element-populated\">\n\t\t\t\t\t\t<section class=\"elementor-section elementor-inner-section elementor-element elementor-element-661dadcb elementor-section-boxed elementor-section-height-default elementor-section-height-default\" data-id=\"661dadcb\" data-element_type=\"section\" data-e-type=\"section\">\n\t\t\t\t\t\t<div class=\"elementor-container elementor-column-gap-default\">\n\t\t\t\t\t<div class=\"elementor-column elementor-col-100 elementor-inner-column elementor-element elementor-element-f76830c\" data-id=\"f76830c\" data-element_type=\"column\" data-e-type=\"column\">\n\t\t\t<div class=\"elementor-widget-wrap elementor-element-populated\">\n\t\t\t\t\t\t<div class=\"elementor-element elementor-element-7e213231 elementor-widget elementor-widget-heading\" data-id=\"7e213231\" data-element_type=\"widget\" data-e-type=\"widget\" data-widget_type=\"heading.default\">\n\t\t\t\t<div class=\"elementor-widget-container\">\n\t\t\t\t\t<h1 class=\"elementor-heading-title elementor-size-default\">Protagonistas.<\/h1>\t\t\t\t<\/div>\n\t\t\t\t<\/div>\n\t\t\t\t\t<\/div>\n\t\t<\/div>\n\t\t\t\t\t<\/div>\n\t\t<\/section>\n\t\t\t\t<section class=\"elementor-section elementor-inner-section elementor-element elementor-element-148dbde2 elementor-section-boxed elementor-section-height-default elementor-section-height-default\" data-id=\"148dbde2\" data-element_type=\"section\" data-e-type=\"section\">\n\t\t\t\t\t\t<div class=\"elementor-container elementor-column-gap-default\">\n\t\t\t\t\t<div class=\"elementor-column elementor-col-100 elementor-inner-column elementor-element elementor-element-26a19757\" data-id=\"26a19757\" data-element_type=\"column\" data-e-type=\"column\">\n\t\t\t<div class=\"elementor-widget-wrap elementor-element-populated\">\n\t\t\t\t\t\t<div class=\"elementor-element elementor-element-77c8474e elementor-align-center elementor-mobile-align-center elementor-widget elementor-widget-button\" data-id=\"77c8474e\" data-element_type=\"widget\" data-e-type=\"widget\" data-widget_type=\"button.default\">\n\t\t\t\t<div class=\"elementor-widget-container\">\n\t\t\t\t\t\t\t\t\t<div class=\"elementor-button-wrapper\">\n\t\t\t\t\t<a class=\"elementor-button elementor-button-link elementor-size-sm\" href=\"#videos\">\n\t\t\t\t\t\t<span class=\"elementor-button-content-wrapper\">\n\t\t\t\t\t\t\t\t\t<span class=\"elementor-button-text\">Continuar<\/span>\n\t\t\t\t\t<\/span>\n\t\t\t\t\t<\/a>\n\t\t\t\t<\/div>\n\t\t\t\t\t\t\t\t<\/div>\n\t\t\t\t<\/div>\n\t\t\t\t<div class=\"elementor-element elementor-element-264524f3 elementor-widget-divider--view-line_icon elementor-view-default elementor-widget-divider--element-align-center elementor-widget elementor-widget-divider\" data-id=\"264524f3\" data-element_type=\"widget\" data-e-type=\"widget\" data-widget_type=\"divider.default\">\n\t\t\t\t<div class=\"elementor-widget-container\">\n\t\t\t\t\t\t\t<div class=\"elementor-divider\">\n\t\t\t<span class=\"elementor-divider-separator\">\n\t\t\t\t\t\t\t<div class=\"elementor-icon elementor-divider__element\">\n\t\t\t\t\t<i aria-hidden=\"true\" class=\"fas fa-angle-double-down\"><\/i><\/div>\n\t\t\t\t\t\t<\/span>\n\t\t<\/div>\n\t\t\t\t\t\t<\/div>\n\t\t\t\t<\/div>\n\t\t\t\t\t<\/div>\n\t\t<\/div>\n\t\t\t\t\t<\/div>\n\t\t<\/section>\n\t\t\t\t\t<\/div>\n\t\t<\/div>\n\t\t\t\t\t<\/div>\n\t\t<\/section>\n\t\t\t\t<section class=\"elementor-section elementor-top-section elementor-element elementor-element-47b70c7e elementor-section-boxed elementor-section-height-default elementor-section-height-default\" data-id=\"47b70c7e\" data-element_type=\"section\" data-e-type=\"section\" id=\"videos\" data-settings=\"{&quot;background_background&quot;:&quot;classic&quot;}\">\n\t\t\t\t\t\t<div class=\"elementor-container elementor-column-gap-default\">\n\t\t\t\t\t<div class=\"elementor-column elementor-col-100 elementor-top-column elementor-element elementor-element-d6c053e\" data-id=\"d6c053e\" data-element_type=\"column\" data-e-type=\"column\">\n\t\t\t<div class=\"elementor-widget-wrap elementor-element-populated\">\n\t\t\t\t\t\t<section class=\"elementor-section elementor-inner-section elementor-element elementor-element-a3b8da3 elementor-section-boxed elementor-section-height-default elementor-section-height-default\" data-id=\"a3b8da3\" data-element_type=\"section\" data-e-type=\"section\">\n\t\t\t\t\t\t<div class=\"elementor-container elementor-column-gap-default\">\n\t\t\t\t\t<div class=\"elementor-column elementor-col-33 elementor-inner-column elementor-element elementor-element-eb2b907\" data-id=\"eb2b907\" data-element_type=\"column\" data-e-type=\"column\">\n\t\t\t<div class=\"elementor-widget-wrap elementor-element-populated\">\n\t\t\t\t\t\t<div class=\"elementor-element elementor-element-c31c9ae elementor-position-top elementor-widget elementor-widget-image-box\" data-id=\"c31c9ae\" data-element_type=\"widget\" data-e-type=\"widget\" data-widget_type=\"image-box.default\">\n\t\t\t\t<div class=\"elementor-widget-container\">\n\t\t\t\t\t<div class=\"elementor-image-box-wrapper\"><figure class=\"elementor-image-box-img\"><a href=\"http:\/\/tierravoz.com\/laextranaeleccion_clon\/personajes\/floriane\/\" tabindex=\"-1\"><img fetchpriority=\"high\" decoding=\"async\" width=\"1920\" height=\"1080\" src=\"https:\/\/www.tierravoz.com\/laextranaeleccion\/wp-content\/uploads\/2014\/04\/FLO_protagonistas.jpg\" class=\"attachment-full size-full wp-image-648\" alt=\"Florianne Protagonistas\" srcset=\"https:\/\/www.tierravoz.com\/laextranaeleccion\/wp-content\/uploads\/2014\/04\/FLO_protagonistas.jpg 1920w, https:\/\/www.tierravoz.com\/laextranaeleccion\/wp-content\/uploads\/2014\/04\/FLO_protagonistas-300x168.jpg 300w, https:\/\/www.tierravoz.com\/laextranaeleccion\/wp-content\/uploads\/2014\/04\/FLO_protagonistas-1024x576.jpg 1024w, https:\/\/www.tierravoz.com\/laextranaeleccion\/wp-content\/uploads\/2014\/04\/FLO_protagonistas-500x281.jpg 500w\" sizes=\"(max-width: 1920px) 100vw, 1920px\" \/><\/a><\/figure><div class=\"elementor-image-box-content\"><h3 class=\"elementor-image-box-title\"><a href=\"http:\/\/tierravoz.com\/laextranaeleccion_clon\/personajes\/floriane\/\">Floriane.<\/a><\/h3><p class=\"elementor-image-box-description\">Joven ingeniera agr\u00f3noma de origen belga, creci\u00f3 en Burzet, un pueblo de los pliegues meridionales de los Alpes franceses. Decidi\u00f3 junto a su compa\u00f1ero Oscar instalarse en una aldea asturiana para ofrecer a sus hij@s peque\u00f1os una infancia similar a la suya, vinculada a la naturaleza y a los valores que transmite.<\/p><\/div><\/div>\t\t\t\t<\/div>\n\t\t\t\t<\/div>\n\t\t\t\t<div class=\"elementor-element elementor-element-b9451dd elementor-widget elementor-widget-button\" data-id=\"b9451dd\" data-element_type=\"widget\" data-e-type=\"widget\" data-widget_type=\"button.default\">\n\t\t\t\t<div class=\"elementor-widget-container\">\n\t\t\t\t\t\t\t\t\t<div class=\"elementor-button-wrapper\">\n\t\t\t\t\t<a class=\"elementor-button elementor-button-link elementor-size-sm\" href=\"http:\/\/tierravoz.com\/laextranaeleccion\/personajes\/floriane\/\">\n\t\t\t\t\t\t<span class=\"elementor-button-content-wrapper\">\n\t\t\t\t\t\t\t\t\t<span class=\"elementor-button-text\">CONOCER A FLORIANE<\/span>\n\t\t\t\t\t<\/span>\n\t\t\t\t\t<\/a>\n\t\t\t\t<\/div>\n\t\t\t\t\t\t\t\t<\/div>\n\t\t\t\t<\/div>\n\t\t\t\t\t<\/div>\n\t\t<\/div>\n\t\t\t\t<div class=\"elementor-column elementor-col-33 elementor-inner-column elementor-element elementor-element-53363ae\" data-id=\"53363ae\" data-element_type=\"column\" data-e-type=\"column\">\n\t\t\t<div class=\"elementor-widget-wrap elementor-element-populated\">\n\t\t\t\t\t\t<div class=\"elementor-element elementor-element-f6c2581 elementor-position-top elementor-widget elementor-widget-image-box\" data-id=\"f6c2581\" data-element_type=\"widget\" data-e-type=\"widget\" data-widget_type=\"image-box.default\">\n\t\t\t\t<div class=\"elementor-widget-container\">\n\t\t\t\t\t<div class=\"elementor-image-box-wrapper\"><figure class=\"elementor-image-box-img\"><a href=\"http:\/\/tierravoz.com\/laextranaeleccion_clon\/personajes\/andrea\/\" tabindex=\"-1\"><img decoding=\"async\" width=\"1920\" height=\"1080\" data-src=\"https:\/\/www.tierravoz.com\/laextranaeleccion\/wp-content\/uploads\/2014\/04\/Andrea_Marias.jpg\" class=\"attachment-full size-full wp-image-650 lazyload\" alt=\"Andrea Protagonistas\" data-srcset=\"https:\/\/www.tierravoz.com\/laextranaeleccion\/wp-content\/uploads\/2014\/04\/Andrea_Marias.jpg 1920w, https:\/\/www.tierravoz.com\/laextranaeleccion\/wp-content\/uploads\/2014\/04\/Andrea_Marias-300x168.jpg 300w, https:\/\/www.tierravoz.com\/laextranaeleccion\/wp-content\/uploads\/2014\/04\/Andrea_Marias-1024x576.jpg 1024w, https:\/\/www.tierravoz.com\/laextranaeleccion\/wp-content\/uploads\/2014\/04\/Andrea_Marias-500x281.jpg 500w\" data-sizes=\"(max-width: 1920px) 100vw, 1920px\" src=\"data:image\/svg+xml;base64,PHN2ZyB3aWR0aD0iMSIgaGVpZ2h0PSIxIiB4bWxucz0iaHR0cDovL3d3dy53My5vcmcvMjAwMC9zdmciPjwvc3ZnPg==\" style=\"--smush-placeholder-width: 1920px; --smush-placeholder-aspect-ratio: 1920\/1080;\" \/><\/a><\/figure><div class=\"elementor-image-box-content\"><h3 class=\"elementor-image-box-title\"><a href=\"http:\/\/tierravoz.com\/laextranaeleccion_clon\/personajes\/andrea\/\">Andrea.<\/a><\/h3><p class=\"elementor-image-box-description\">Andrea es una reconocida artista alemana que teje hermosos tapices pict\u00f3ricos. Sus trabajos han viajado por todo el mundo. \nAndrea Milde cuenta hilos, anuda colores, traza l\u00edneas sobre el papel que despu\u00e9s ser\u00e1n fibras en el tapiz. Combina el arte actual con t\u00e9cnicas milenarias, as\u00ed le gustar\u00eda entender su vida en el medio rural.<\/p><\/div><\/div>\t\t\t\t<\/div>\n\t\t\t\t<\/div>\n\t\t\t\t<div class=\"elementor-element elementor-element-2aac535 elementor-widget elementor-widget-button\" data-id=\"2aac535\" data-element_type=\"widget\" data-e-type=\"widget\" data-widget_type=\"button.default\">\n\t\t\t\t<div class=\"elementor-widget-container\">\n\t\t\t\t\t\t\t\t\t<div class=\"elementor-button-wrapper\">\n\t\t\t\t\t<a class=\"elementor-button elementor-button-link elementor-size-sm\" href=\"http:\/\/tierravoz.com\/laextranaeleccion\/personajes\/andrea\/\">\n\t\t\t\t\t\t<span class=\"elementor-button-content-wrapper\">\n\t\t\t\t\t\t\t\t\t<span class=\"elementor-button-text\">CONOCER A ANDREA<\/span>\n\t\t\t\t\t<\/span>\n\t\t\t\t\t<\/a>\n\t\t\t\t<\/div>\n\t\t\t\t\t\t\t\t<\/div>\n\t\t\t\t<\/div>\n\t\t\t\t\t<\/div>\n\t\t<\/div>\n\t\t\t\t<div class=\"elementor-column elementor-col-33 elementor-inner-column elementor-element elementor-element-f356b98\" data-id=\"f356b98\" data-element_type=\"column\" data-e-type=\"column\">\n\t\t\t<div class=\"elementor-widget-wrap elementor-element-populated\">\n\t\t\t\t\t\t<div class=\"elementor-element elementor-element-3190063 elementor-position-top elementor-widget elementor-widget-image-box\" data-id=\"3190063\" data-element_type=\"widget\" data-e-type=\"widget\" data-widget_type=\"image-box.default\">\n\t\t\t\t<div class=\"elementor-widget-container\">\n\t\t\t\t\t<div class=\"elementor-image-box-wrapper\"><figure class=\"elementor-image-box-img\"><a href=\"http:\/\/tierravoz.com\/laextranaeleccion_clon\/personajes\/fran\/\" tabindex=\"-1\"><img decoding=\"async\" width=\"1920\" height=\"1080\" data-src=\"https:\/\/www.tierravoz.com\/laextranaeleccion\/wp-content\/uploads\/2021\/04\/fran-1920-min.jpg\" class=\"attachment-full size-full wp-image-1805 lazyload\" alt=\"Fran Protagonista\" data-srcset=\"https:\/\/www.tierravoz.com\/laextranaeleccion\/wp-content\/uploads\/2021\/04\/fran-1920-min.jpg 1920w, https:\/\/www.tierravoz.com\/laextranaeleccion\/wp-content\/uploads\/2021\/04\/fran-1920-min-300x169.jpg 300w, https:\/\/www.tierravoz.com\/laextranaeleccion\/wp-content\/uploads\/2021\/04\/fran-1920-min-1024x576.jpg 1024w, https:\/\/www.tierravoz.com\/laextranaeleccion\/wp-content\/uploads\/2021\/04\/fran-1920-min-768x432.jpg 768w, https:\/\/www.tierravoz.com\/laextranaeleccion\/wp-content\/uploads\/2021\/04\/fran-1920-min-1536x864.jpg 1536w\" data-sizes=\"(max-width: 1920px) 100vw, 1920px\" src=\"data:image\/svg+xml;base64,PHN2ZyB3aWR0aD0iMSIgaGVpZ2h0PSIxIiB4bWxucz0iaHR0cDovL3d3dy53My5vcmcvMjAwMC9zdmciPjwvc3ZnPg==\" style=\"--smush-placeholder-width: 1920px; --smush-placeholder-aspect-ratio: 1920\/1080;\" \/><\/a><\/figure><div class=\"elementor-image-box-content\"><h3 class=\"elementor-image-box-title\"><a href=\"http:\/\/tierravoz.com\/laextranaeleccion_clon\/personajes\/fran\/\">Fran.<\/a><\/h3><p class=\"elementor-image-box-description\">Fran es el subdirector del peri\u00f3dico comarcal, Senda Norte de Madrid, medio que responde a su necesidad vital de comunicar a las personas que viven en los pueblos de la sierra y de contar lo que no reflejan los medios generalistas sobre la zona. Tambi\u00e9n es uno de los coordinadores de la escuela de m\u00fasica tradicional Entresierras.<\/p><\/div><\/div>\t\t\t\t<\/div>\n\t\t\t\t<\/div>\n\t\t\t\t<div class=\"elementor-element elementor-element-18299ad elementor-widget elementor-widget-button\" data-id=\"18299ad\" data-element_type=\"widget\" data-e-type=\"widget\" data-widget_type=\"button.default\">\n\t\t\t\t<div class=\"elementor-widget-container\">\n\t\t\t\t\t\t\t\t\t<div class=\"elementor-button-wrapper\">\n\t\t\t\t\t<a class=\"elementor-button elementor-button-link elementor-size-sm\" href=\"http:\/\/tierravoz.com\/laextranaeleccion\/personajes\/fran\/\">\n\t\t\t\t\t\t<span class=\"elementor-button-content-wrapper\">\n\t\t\t\t\t\t\t\t\t<span class=\"elementor-button-text\">CONOCER A FRAN<\/span>\n\t\t\t\t\t<\/span>\n\t\t\t\t\t<\/a>\n\t\t\t\t<\/div>\n\t\t\t\t\t\t\t\t<\/div>\n\t\t\t\t<\/div>\n\t\t\t\t\t<\/div>\n\t\t<\/div>\n\t\t\t\t\t<\/div>\n\t\t<\/section>\n\t\t\t\t\t<\/div>\n\t\t<\/div>\n\t\t\t\t\t<\/div>\n\t\t<\/section>\n\t\t\t\t<\/div>\n\t\t","protected":false},"excerpt":{"rendered":"<p>Protagonistas. Continuar Floriane. Joven ingeniera agr\u00f3noma de origen belga, creci\u00f3 en Burzet, un pueblo de los pliegues meridionales de los Alpes franceses. Decidi\u00f3 junto a su compa\u00f1ero Oscar instalarse en una aldea asturiana para ofrecer a sus hij@s peque\u00f1os una infancia similar a la suya, vinculada a la naturaleza y a los valores que transmite. &#8230; <a title=\"Protagonistas\" class=\"read-more\" href=\"https:\/\/www.tierravoz.com\/laextranaeleccion\/personajes\/\" aria-label=\"Leer m\u00e1s sobre Protagonistas\">Leer m\u00e1s<\/a><\/p>\n","protected":false},"author":1,"featured_media":0,"parent":0,"menu_order":0,"comment_status":"closed","ping_status":"closed","template":"","meta":{"footnotes":""},"class_list":["post-31","page","type-page","status-publish"],"yoast_head":"<!-- This site is optimized with the Yoast SEO plugin v27.4 - https:\/\/yoast.com\/product\/yoast-seo-wordpress\/ -->\n<title>Protagonistas - La Extra&ntilde;a Elecci&oacute;n<\/title>\n<meta name=\"description\" content=\"Los protagonistas del documental hicieron una Extra\u00f1a Elecci\u00f3n: vivir en un pueblo. Sin embargo, afirman que su postura es algo normal.\" \/>\n<meta name=\"robots\" content=\"index, follow, max-snippet:-1, max-image-preview:large, max-video-preview:-1\" \/>\n<link rel=\"canonical\" href=\"https:\/\/www.tierravoz.com\/laextranaeleccion\/personajes\/\" \/>\n<meta property=\"og:locale\" content=\"es_ES\" \/>\n<meta property=\"og:type\" content=\"article\" \/>\n<meta property=\"og:title\" content=\"Protagonistas - La Extra&ntilde;a Elecci&oacute;n\" \/>\n<meta property=\"og:description\" content=\"Los protagonistas del documental hicieron una Extra\u00f1a Elecci\u00f3n: vivir en un pueblo. Sin embargo, afirman que su postura es algo normal.\" \/>\n<meta property=\"og:url\" content=\"https:\/\/www.tierravoz.com\/laextranaeleccion\/personajes\/\" \/>\n<meta property=\"og:site_name\" content=\"La Extra&ntilde;a Elecci&oacute;n\" \/>\n<meta property=\"article:modified_time\" content=\"2025-10-21T09:12:51+00:00\" \/>\n<meta property=\"og:image\" content=\"https:\/\/www.tierravoz.com\/laextranaeleccion\/wp-content\/uploads\/2014\/04\/FLO_protagonistas.jpg\" \/>\n\t<meta property=\"og:image:width\" content=\"1920\" \/>\n\t<meta property=\"og:image:height\" content=\"1080\" \/>\n\t<meta property=\"og:image:type\" content=\"image\/jpeg\" \/>\n<meta name=\"twitter:label1\" content=\"Tiempo de lectura\" \/>\n\t<meta name=\"twitter:data1\" content=\"2 minutos\" \/>\n<script type=\"application\/ld+json\" class=\"yoast-schema-graph\">{\"@context\":\"https:\\\/\\\/schema.org\",\"@graph\":[{\"@type\":\"WebPage\",\"@id\":\"https:\\\/\\\/www.tierravoz.com\\\/laextranaeleccion\\\/personajes\\\/\",\"url\":\"https:\\\/\\\/www.tierravoz.com\\\/laextranaeleccion\\\/personajes\\\/\",\"name\":\"Protagonistas - La Extra&ntilde;a Elecci&oacute;n\",\"isPartOf\":{\"@id\":\"https:\\\/\\\/www.tierravoz.com\\\/laextranaeleccion\\\/#website\"},\"primaryImageOfPage\":{\"@id\":\"https:\\\/\\\/www.tierravoz.com\\\/laextranaeleccion\\\/personajes\\\/#primaryimage\"},\"image\":{\"@id\":\"https:\\\/\\\/www.tierravoz.com\\\/laextranaeleccion\\\/personajes\\\/#primaryimage\"},\"thumbnailUrl\":\"https:\\\/\\\/www.tierravoz.com\\\/laextranaeleccion\\\/wp-content\\\/uploads\\\/2014\\\/04\\\/FLO_protagonistas.jpg\",\"datePublished\":\"2014-02-08T18:46:50+00:00\",\"dateModified\":\"2025-10-21T09:12:51+00:00\",\"description\":\"Los protagonistas del documental hicieron una Extra\u00f1a Elecci\u00f3n: vivir en un pueblo. Sin embargo, afirman que su postura es algo normal.\",\"breadcrumb\":{\"@id\":\"https:\\\/\\\/www.tierravoz.com\\\/laextranaeleccion\\\/personajes\\\/#breadcrumb\"},\"inLanguage\":\"es\",\"potentialAction\":[{\"@type\":\"ReadAction\",\"target\":[\"https:\\\/\\\/www.tierravoz.com\\\/laextranaeleccion\\\/personajes\\\/\"]}]},{\"@type\":\"ImageObject\",\"inLanguage\":\"es\",\"@id\":\"https:\\\/\\\/www.tierravoz.com\\\/laextranaeleccion\\\/personajes\\\/#primaryimage\",\"url\":\"https:\\\/\\\/www.tierravoz.com\\\/laextranaeleccion\\\/wp-content\\\/uploads\\\/2014\\\/04\\\/FLO_protagonistas.jpg\",\"contentUrl\":\"https:\\\/\\\/www.tierravoz.com\\\/laextranaeleccion\\\/wp-content\\\/uploads\\\/2014\\\/04\\\/FLO_protagonistas.jpg\",\"width\":1920,\"height\":1080,\"caption\":\"Florianne Protagonistas\"},{\"@type\":\"BreadcrumbList\",\"@id\":\"https:\\\/\\\/www.tierravoz.com\\\/laextranaeleccion\\\/personajes\\\/#breadcrumb\",\"itemListElement\":[{\"@type\":\"ListItem\",\"position\":1,\"name\":\"Portada\",\"item\":\"https:\\\/\\\/www.tierravoz.com\\\/laextranaeleccion\\\/\"},{\"@type\":\"ListItem\",\"position\":2,\"name\":\"Protagonistas\"}]},{\"@type\":\"WebSite\",\"@id\":\"https:\\\/\\\/www.tierravoz.com\\\/laextranaeleccion\\\/#website\",\"url\":\"https:\\\/\\\/www.tierravoz.com\\\/laextranaeleccion\\\/\",\"name\":\"La Extra&ntilde;a Elecci&oacute;n\",\"description\":\"Colocamos el pueblo en el centro de todo y analizamos el mundo\",\"publisher\":{\"@id\":\"https:\\\/\\\/www.tierravoz.com\\\/laextranaeleccion\\\/#organization\"},\"potentialAction\":[{\"@type\":\"SearchAction\",\"target\":{\"@type\":\"EntryPoint\",\"urlTemplate\":\"https:\\\/\\\/www.tierravoz.com\\\/laextranaeleccion\\\/?s={search_term_string}\"},\"query-input\":{\"@type\":\"PropertyValueSpecification\",\"valueRequired\":true,\"valueName\":\"search_term_string\"}}],\"inLanguage\":\"es\"},{\"@type\":\"Organization\",\"@id\":\"https:\\\/\\\/www.tierravoz.com\\\/laextranaeleccion\\\/#organization\",\"name\":\"La Extra&ntilde;a Elecci&oacute;n\",\"url\":\"https:\\\/\\\/www.tierravoz.com\\\/laextranaeleccion\\\/\",\"logo\":{\"@type\":\"ImageObject\",\"inLanguage\":\"es\",\"@id\":\"https:\\\/\\\/www.tierravoz.com\\\/laextranaeleccion\\\/#\\\/schema\\\/logo\\\/image\\\/\",\"url\":\"https:\\\/\\\/www.tierravoz.com\\\/laextranaeleccion\\\/wp-content\\\/uploads\\\/2018\\\/02\\\/logoextrana.png\",\"contentUrl\":\"https:\\\/\\\/www.tierravoz.com\\\/laextranaeleccion\\\/wp-content\\\/uploads\\\/2018\\\/02\\\/logoextrana.png\",\"width\":192,\"height\":30,\"caption\":\"La Extra&ntilde;a Elecci&oacute;n\"},\"image\":{\"@id\":\"https:\\\/\\\/www.tierravoz.com\\\/laextranaeleccion\\\/#\\\/schema\\\/logo\\\/image\\\/\"}}]}<\/script>\n<!-- \/ Yoast SEO plugin. -->","yoast_head_json":{"title":"Protagonistas - La Extra&ntilde;a Elecci&oacute;n","description":"Los protagonistas del documental hicieron una Extra\u00f1a Elecci\u00f3n: vivir en un pueblo. Sin embargo, afirman que su postura es algo normal.","robots":{"index":"index","follow":"follow","max-snippet":"max-snippet:-1","max-image-preview":"max-image-preview:large","max-video-preview":"max-video-preview:-1"},"canonical":"https:\/\/www.tierravoz.com\/laextranaeleccion\/personajes\/","og_locale":"es_ES","og_type":"article","og_title":"Protagonistas - La Extra&ntilde;a Elecci&oacute;n","og_description":"Los protagonistas del documental hicieron una Extra\u00f1a Elecci\u00f3n: vivir en un pueblo. Sin embargo, afirman que su postura es algo normal.","og_url":"https:\/\/www.tierravoz.com\/laextranaeleccion\/personajes\/","og_site_name":"La Extra&ntilde;a Elecci&oacute;n","article_modified_time":"2025-10-21T09:12:51+00:00","og_image":[{"width":1920,"height":1080,"url":"https:\/\/www.tierravoz.com\/laextranaeleccion\/wp-content\/uploads\/2014\/04\/FLO_protagonistas.jpg","type":"image\/jpeg"}],"twitter_misc":{"Tiempo de lectura":"2 minutos"},"schema":{"@context":"https:\/\/schema.org","@graph":[{"@type":"WebPage","@id":"https:\/\/www.tierravoz.com\/laextranaeleccion\/personajes\/","url":"https:\/\/www.tierravoz.com\/laextranaeleccion\/personajes\/","name":"Protagonistas - La Extra&ntilde;a Elecci&oacute;n","isPartOf":{"@id":"https:\/\/www.tierravoz.com\/laextranaeleccion\/#website"},"primaryImageOfPage":{"@id":"https:\/\/www.tierravoz.com\/laextranaeleccion\/personajes\/#primaryimage"},"image":{"@id":"https:\/\/www.tierravoz.com\/laextranaeleccion\/personajes\/#primaryimage"},"thumbnailUrl":"https:\/\/www.tierravoz.com\/laextranaeleccion\/wp-content\/uploads\/2014\/04\/FLO_protagonistas.jpg","datePublished":"2014-02-08T18:46:50+00:00","dateModified":"2025-10-21T09:12:51+00:00","description":"Los protagonistas del documental hicieron una Extra\u00f1a Elecci\u00f3n: vivir en un pueblo. Sin embargo, afirman que su postura es algo normal.","breadcrumb":{"@id":"https:\/\/www.tierravoz.com\/laextranaeleccion\/personajes\/#breadcrumb"},"inLanguage":"es","potentialAction":[{"@type":"ReadAction","target":["https:\/\/www.tierravoz.com\/laextranaeleccion\/personajes\/"]}]},{"@type":"ImageObject","inLanguage":"es","@id":"https:\/\/www.tierravoz.com\/laextranaeleccion\/personajes\/#primaryimage","url":"https:\/\/www.tierravoz.com\/laextranaeleccion\/wp-content\/uploads\/2014\/04\/FLO_protagonistas.jpg","contentUrl":"https:\/\/www.tierravoz.com\/laextranaeleccion\/wp-content\/uploads\/2014\/04\/FLO_protagonistas.jpg","width":1920,"height":1080,"caption":"Florianne Protagonistas"},{"@type":"BreadcrumbList","@id":"https:\/\/www.tierravoz.com\/laextranaeleccion\/personajes\/#breadcrumb","itemListElement":[{"@type":"ListItem","position":1,"name":"Portada","item":"https:\/\/www.tierravoz.com\/laextranaeleccion\/"},{"@type":"ListItem","position":2,"name":"Protagonistas"}]},{"@type":"WebSite","@id":"https:\/\/www.tierravoz.com\/laextranaeleccion\/#website","url":"https:\/\/www.tierravoz.com\/laextranaeleccion\/","name":"La Extra&ntilde;a Elecci&oacute;n","description":"Colocamos el pueblo en el centro de todo y analizamos el mundo","publisher":{"@id":"https:\/\/www.tierravoz.com\/laextranaeleccion\/#organization"},"potentialAction":[{"@type":"SearchAction","target":{"@type":"EntryPoint","urlTemplate":"https:\/\/www.tierravoz.com\/laextranaeleccion\/?s={search_term_string}"},"query-input":{"@type":"PropertyValueSpecification","valueRequired":true,"valueName":"search_term_string"}}],"inLanguage":"es"},{"@type":"Organization","@id":"https:\/\/www.tierravoz.com\/laextranaeleccion\/#organization","name":"La Extra&ntilde;a Elecci&oacute;n","url":"https:\/\/www.tierravoz.com\/laextranaeleccion\/","logo":{"@type":"ImageObject","inLanguage":"es","@id":"https:\/\/www.tierravoz.com\/laextranaeleccion\/#\/schema\/logo\/image\/","url":"https:\/\/www.tierravoz.com\/laextranaeleccion\/wp-content\/uploads\/2018\/02\/logoextrana.png","contentUrl":"https:\/\/www.tierravoz.com\/laextranaeleccion\/wp-content\/uploads\/2018\/02\/logoextrana.png","width":192,"height":30,"caption":"La Extra&ntilde;a Elecci&oacute;n"},"image":{"@id":"https:\/\/www.tierravoz.com\/laextranaeleccion\/#\/schema\/logo\/image\/"}}]}},"_links":{"self":[{"href":"https:\/\/www.tierravoz.com\/laextranaeleccion\/wp-json\/wp\/v2\/pages\/31","targetHints":{"allow":["GET"]}}],"collection":[{"href":"https:\/\/www.tierravoz.com\/laextranaeleccion\/wp-json\/wp\/v2\/pages"}],"about":[{"href":"https:\/\/www.tierravoz.com\/laextranaeleccion\/wp-json\/wp\/v2\/types\/page"}],"author":[{"embeddable":true,"href":"https:\/\/www.tierravoz.com\/laextranaeleccion\/wp-json\/wp\/v2\/users\/1"}],"replies":[{"embeddable":true,"href":"https:\/\/www.tierravoz.com\/laextranaeleccion\/wp-json\/wp\/v2\/comments?post=31"}],"version-history":[{"count":25,"href":"https:\/\/www.tierravoz.com\/laextranaeleccion\/wp-json\/wp\/v2\/pages\/31\/revisions"}],"predecessor-version":[{"id":2562,"href":"https:\/\/www.tierravoz.com\/laextranaeleccion\/wp-json\/wp\/v2\/pages\/31\/revisions\/2562"}],"wp:attachment":[{"href":"https:\/\/www.tierravoz.com\/laextranaeleccion\/wp-json\/wp\/v2\/media?parent=31"}],"curies":[{"name":"wp","href":"https:\/\/api.w.org\/{rel}","templated":true}]}}